 the remainder when 4211 is divided by 1375?
86
What is the remainder when 1637 is divided by 11?
9
Calculate the remainder when 343 is divided by 150.
43
Calculate the remainder when 189 is divided by 24.
21
What is the remainder when 284 is divided by 34?
12
What is the remainder when 151 is divided by 19?
18
Calculate the remainder when 16832 is divided by 185.
182
Calculate the remainder when 240 is divided by 116.
8
What is the remainder when 105 is divided by 57?
48
Calculate the remainder when 310 is divided by 52.
50
What is the remainder when 305 is divided by 95?
20
Calculate the remainder when 2847 is divided by 284.
7
What is the remainder when 413 is divided by 32?
29
Calculate the remainder when 263 is divided by 14.
11
What is the remainder when 34044 is divided by 76?
72
What is the remainder when 6457 is divided by 17?
14
What is the remainder when 8129 is divided by 15?
14
Calculate the remainder when 328 is divided by 16.
8
Calculate the remainder when 118 is divided by 30.
28
Calculate the remainder when 614 is divided by 124.
118
Calculate the remainder when 116 is divided by 34.
14
What is the remainder when 124 is divided by 115?
9
What is the remainder when 2492 is divided by 11?
6
Calculate the remainder when 646 is divided by 92.
2
What is the remainder when 4749 is divided by 1185?
9
Calculate the remainder when 11 is divided by 9.
2
What is the remainder when 104 is divided by 15?
14
What is the remainder when 629 is divided by 42?
41
Calculate the remainder when 360 is divided by 58.
12
What is the remainder when 790 is divided by 18?
16
Calculate the remainder when 923 is divided by 77.
76
Calculate the remainder when 284 is divided by 278.
6
What is the remainder when 137 is divided by 29?
21
Calculate the remainder when 157 is divided by 40.
37
What is the remainder when 3295 is divided by 103?
102
What is the remainder when 146 is divided by 39?
29
Calculate the remainder when 256 is divided by 20.
16
What is the remainder when 701 is divided by 78?
77
What is the remainder when 198 is divided by 75?
48
Calculate the remainder when 542 is divided by 21.
17
What is the remainder when 878 is divided by 260?
98
What is the remainder when 619 is divided by 6?
1
Calculate the remainder when 357 is divided by 125.
107
What is the remainder when 83 is divided by 9?
2
Calculate the remainder when 253 is divided by 15.
13
Calculate the remainder when 340 is divided by 45.
25
What is the remainder when 2771 is divided by 395?
6
What is the remainder when 96 is divided by 69?
27
What is the remainder when 294 is divided by 291?
3
Calculate the remainder when 135 is divided by 49.
37
Calculate the remainder when 443 is divided by 12.
11
What is the remainder when 559 is divided by 14?
13
Calculate the remainder when 85 is divided by 4.
1
Calculate the remainder when 1408 is divided by 68.
48
What is the remainder when 306 is divided by 28?
26
Calculate the remainder when 398 is divided by 49.
6
Calculate the remainder when 1007 is divided by 251.
3
Calculate the remainder when 393 is divided by 33.
30
Calculate the remainder when 1129 is divided by 13.
11
Calculate the remainder when 711 is divided by 15.
6
Calculate the remainder when 89 is divided by 9.
8
What is the remainder when 231 is divided by 94?
43
What is the remainder when 1878 is divided by 209?
206
Calculate the remainder when 2479 is divided by 21.
1
Calculate the remainder when 3311 is divided by 56.
7
Calculate the remainder when 42 is divided by 11.
9
What is the remainder when 766 is divided by 149?
21
Calculate the remainder when 37 is divided by 5.
2
What is the remainder when 595 is divided by 103?
80
What is the remainder when 46 is divided by 11?
2
What is the remainder when 2404 is divided by 31?
17
Calculate the remainder when 66 is divided by 49.
17
What is the remainder when 5979 is divided by 19?
13
Calculate the remainder when 1607 is divided by 798.
11
Calculate the remainder when 1430 is divided by 18.
8
What is the remainder when 364 is divided by 73?
72
What is the remainder when 24 is divided by 9?
6
Calculate the remainder when 133 is divided by 5.
3
Calculate the remainder when 995 is divided by 246.
11
What is the remainder when 176 is divided by 60?
56
What is the remainder when 6861 is divided by 24?
21
What is the remainder when 238 is divided by 130?
108
What is the remainder when 284 is divided by 33?
20
What is the remainder when 915 is divided by 12?
3
Calculate the remainder when 52 is divided by 30.
22
What is the remainder when 191 is divided by 2?
1
Calculate the remainder when 3173 is divided by 318.
311
Calculate the remainder when 393 is divided by 79.
77
What is the remainder when 104 is divided by 27?
23
What is the remainder when 1098 is divided by 22?
20
Calculate the remainder when 450 is divided by 75.
0
What is the remainder when 2007 is divided by 126?
117
Calculate the remainder when 101 is divided by 22.
13
What is the remainder when 457 is divided by 22?
17
What is the remainder when 1024 is divided by 114?
112
Calculate the remainder when 352 is divided by 71.
68
What is the remainder when 6174 is divided by 71?
68
What is the remainder when 88 is divided by 17?
3
Calculate the remainder when 3617 is divided by 27.
26
Calculate the remainder when 387 is divided by 14.
9
Calculate the remainder when 2189 is divided by 220.
209
What is the remainder when 783 is divided by 387?
9
What is the remainder when 259 is divided by 52?
51
Calculate the remainder when 142 is divided by 44.
10
What is the remainder when 210 is divided by 18?
12
What is the remainder when 1275 is divided by 313?
23
Calculate the remainder when 67 is divided by 20.
7
Calculate the remainder when 231 is divided by 9.
6
Calculate the remainder when 101 is divided by 11.
2
What is the remainder when 200 is divided by 69?
62
Calculate the remainder when 40 is divided by 18.
4
Calculate the remainder when 74 is divided by 20.
14
What is the remainder when 1655 is divided by 79?
75
Calculate the remainder when 3633 is divided by 1814.
5
What is the remainder when 5439 is divided by 53?
33
Calculate the remainder when 753 is divided by 58.
57
Calculate the remainder when 14 is divided by 13.
1
What is the remainder when 255 is divided by 32?
31
What is the remainder when 348 is divided by 39?
36
What is the remainder when 366 is divided by 53?
48
What is the remainder when 1308 is divided by 230?
158
Calculate the remainder when 657 is divided by 35.
27
Calculate the remainder when 187 is divided by 22.
11
What is the remainder when 10257 is divided by 135?
132
What is the remainder when 182 is divided by 23?
21
Calculate the remainder when 300 is divided by 71.
16
What is the remainder when 2108 is divided by 358?
318
What is the remainder when 489 is divided by 126?
111
Calculate the remainder when 43 is divided by 14.
1
Calculate the remainder when 135 is divided by 77.
58
What is the remainder when 429 is divided by 36?
33
What is the remainder when 2794 is divided by 12?
10
What is the remainder when 365 is divided by 116?
17
What is the remainder when 1236 is divided by 269?
160
Calculate the remainder when 605 is divided by 19.
16
Calculate the remainder when 330 is divided by 13.
5
What is the remainder when 1223 is divided by 34?
33
What is the remainder when 1837 is divided by 29?
10
What is the remainder when 2142 is divided by 704?
30
Calculate the remainder when 250 is divided by 5.
0
Calculate the remainder when 545 is divided by 145.
110
Calculate the remainder when 4008 is divided by 13.
4
What is the remainder when 269 is divided by 18?
17
Calculate the remainder when 399 is divided by 194.
11
Calculate the remainder when 2232 is divided by 80.
72
Calculate the remainder when 1080 is divided by 1029.
51
What is the remainder when 138 is divided by 38?
24
Calculate the remainder when 275 is divided by 58.
43
Calculate the remainder when 246 is divided by 20.
6
What is the remainder when 9578 is divided by 259?
254
Calculate the remainder when 1089 is divided by 119.
18
Calculate the remainder when 79 is divided by 16.
15
Calculate the remainder when 1364 is divided by 40.
4
What is the remainder when 2653 is divided by 85?
18
W